[INFO] cloning repository https://github.com/linuxaged/newton
[INFO] running `Command { std: "git" "-c" "credential.helper=" "-c" "credential.helper=/workspace/cargo-home/bin/git-credential-null" "clone" "--bare" "https://github.com/linuxaged/newton" "/workspace/cache/git-repos/https%3A%2F%2Fgithub.com%2Flinuxaged%2Fnewton", kill_on_drop: false }`
[INFO] [stderr] Cloning into bare repository '/workspace/cache/git-repos/https%3A%2F%2Fgithub.com%2Flinuxaged%2Fnewton'...
[INFO] running `Command { std: "git" "rev-parse" "HEAD", kill_on_drop: false }`
[INFO] [stdout] 42ca9fcd1d25ea8cf3eb7f6e07d0e6148c5d14d5
[INFO] building linuxaged/newton against master#881c1ac408d93bb7adaa3a51dabab9266e82eee8 for issue-85264
[INFO] running `Command { std: "git" "clone" "/workspace/cache/git-repos/https%3A%2F%2Fgithub.com%2Flinuxaged%2Fnewton" "/workspace/builds/worker-5/source", kill_on_drop: false }`
[INFO] [stderr] Cloning into '/workspace/builds/worker-5/source'...
[INFO] [stderr] done.
[INFO] validating manifest of git repo https://github.com/linuxaged/newton on toolchain 881c1ac408d93bb7adaa3a51dabab9266e82eee8
[INFO] running `Command { std: "/workspace/cargo-home/bin/cargo" "+881c1ac408d93bb7adaa3a51dabab9266e82eee8" "metadata" "--manifest-path" "Cargo.toml" "--no-deps", kill_on_drop: false }`
[INFO] started tweaking git repo https://github.com/linuxaged/newton
[INFO] removed 0 missing examples
[INFO] finished tweaking git repo https://github.com/linuxaged/newton
[INFO] tweaked toml for git repo https://github.com/linuxaged/newton written to /workspace/builds/worker-5/source/Cargo.toml
[INFO] crate git repo https://github.com/linuxaged/newton already has a lockfile, it will not be regenerated
[INFO] running `Command { std: "/workspace/cargo-home/bin/cargo" "+881c1ac408d93bb7adaa3a51dabab9266e82eee8" "fetch" "--manifest-path" "Cargo.toml", kill_on_drop: false }`
[INFO] [stderr]     Blocking waiting for file lock on package cache
[INFO] [stderr]     Updating git repository `https://github.com/bjz/cgmath-rs`
[INFO] [stderr]     Updating git repository `https://github.com/tomaka/glium`
[INFO] [stderr]     Blocking waiting for file lock on package cache
[INFO] [stderr]  Downloading crates ...
[INFO] [stderr]   Downloaded byteorder v0.3.11
[INFO] [stderr]   Downloaded xml-rs v0.1.25
[INFO] [stderr]   Downloaded cgmath v0.2.0
[INFO] [stderr]   Downloaded image v0.3.11
[INFO] [stderr]   Downloaded rand v0.3.10
[INFO] [stderr]   Downloaded quasi v0.3.1
[INFO] [stderr]   Downloaded serde_codegen v0.5.1
[INFO] [stderr]   Downloaded serde_json v0.5.1
[INFO] [stderr]   Downloaded nalgebra v0.2.21
[INFO] [stderr]   Downloaded quasi_codegen v0.3.1
[INFO] [stderr]   Downloaded aster v0.4.3
[INFO] [stderr]   Downloaded quasi_macros v0.3.1
[INFO] [stderr]   Downloaded gl_generator v0.0.25
[INFO] [stderr]   Downloaded serde_macros v0.5.1
[INFO] [stderr]   Downloaded serde v0.5.2
[INFO] running `Command { std: "docker" "create" "-v" "/var/lib/crater-agent-workspace/builds/worker-5/target:/opt/rustwide/target:rw,Z" "-v" "/var/lib/crater-agent-workspace/builds/worker-5/source:/opt/rustwide/workdir:ro,Z" "-v" "/var/lib/crater-agent-workspace/cargo-home:/opt/rustwide/cargo-home:ro,Z" "-v" "/var/lib/crater-agent-workspace/rustup-home:/opt/rustwide/rustup-home:ro,Z" "-e" "SOURCE_DIR=/opt/rustwide/workdir" "-e" "CARGO_TARGET_DIR=/opt/rustwide/target" "-e" "CARGO_HOME=/opt/rustwide/cargo-home" "-e" "RUSTUP_HOME=/opt/rustwide/rustup-home" "-w" "/opt/rustwide/workdir" "-m" "1610612736" "--user" "0:0" "--network" "none" "ghcr.io/rust-lang/crates-build-env/linux@sha256:20528e8c29e4536546f0102ce88568b16ea7538393a33fcca951030f7af10457" "/opt/rustwide/cargo-home/bin/cargo" "+881c1ac408d93bb7adaa3a51dabab9266e82eee8" "metadata" "--no-deps" "--format-version=1", kill_on_drop: false }`
[INFO] [stdout] 3e8d59defeb92c5b083d6847f4f8a70f59fd8018ed57f117708a2dc4b9f36e28
[INFO] [stderr] WARNING: Your kernel does not support swap limit capabilities or the cgroup is not mounted. Memory limited without swap.
[INFO] running `Command { std: "docker" "start" "-a" "3e8d59defeb92c5b083d6847f4f8a70f59fd8018ed57f117708a2dc4b9f36e28", kill_on_drop: false }`
[INFO] running `Command { std: "docker" "inspect" "3e8d59defeb92c5b083d6847f4f8a70f59fd8018ed57f117708a2dc4b9f36e28", kill_on_drop: false }`
[INFO] running `Command { std: "docker" "rm" "-f" "3e8d59defeb92c5b083d6847f4f8a70f59fd8018ed57f117708a2dc4b9f36e28", kill_on_drop: false }`
[INFO] [stdout] 3e8d59defeb92c5b083d6847f4f8a70f59fd8018ed57f117708a2dc4b9f36e28
[INFO] running `Command { std: "docker" "create" "-v" "/var/lib/crater-agent-workspace/builds/worker-5/target:/opt/rustwide/target:rw,Z" "-v" "/var/lib/crater-agent-workspace/builds/worker-5/source:/opt/rustwide/workdir:ro,Z" "-v" "/var/lib/crater-agent-workspace/cargo-home:/opt/rustwide/cargo-home:ro,Z" "-v" "/var/lib/crater-agent-workspace/rustup-home:/opt/rustwide/rustup-home:ro,Z" "-e" "SOURCE_DIR=/opt/rustwide/workdir" "-e" "CARGO_TARGET_DIR=/opt/rustwide/target" "-e" "CARGO_INCREMENTAL=0" "-e" "RUST_BACKTRACE=full" "-e" "RUSTFLAGS=--cap-lints=forbid" "-e" "CARGO_HOME=/opt/rustwide/cargo-home" "-e" "RUSTUP_HOME=/opt/rustwide/rustup-home" "-w" "/opt/rustwide/workdir" "-m" "1610612736" "--user" "0:0" "--network" "none" "ghcr.io/rust-lang/crates-build-env/linux@sha256:20528e8c29e4536546f0102ce88568b16ea7538393a33fcca951030f7af10457" "/opt/rustwide/cargo-home/bin/cargo" "+881c1ac408d93bb7adaa3a51dabab9266e82eee8" "build" "--frozen" "--message-format=json", kill_on_drop: false }`
[INFO] [stdout] cbec3f2d142b9d19a60441cc13ba11da2b7186279a7a0a626c8303788efeac09
[INFO] [stderr] WARNING: Your kernel does not support swap limit capabilities or the cgroup is not mounted. Memory limited without swap.
[INFO] running `Command { std: "docker" "start" "-a" "cbec3f2d142b9d19a60441cc13ba11da2b7186279a7a0a626c8303788efeac09", kill_on_drop: false }`
[INFO] [stderr]    Compiling libc v0.1.10
[INFO] [stderr]    Compiling winapi-build v0.1.1
[INFO] [stderr]    Compiling winapi v0.2.2
[INFO] [stderr]    Compiling bitflags v0.3.2
[INFO] [stderr]    Compiling rustc-serialize v0.3.16
[INFO] [stderr]    Compiling khronos_api v0.0.8
[INFO] [stderr]    Compiling lazy_static v0.1.14
[INFO] [stderr]    Compiling khronos_api v0.0.7
[INFO] [stderr]    Compiling byteorder v0.3.11
[INFO] [stderr]    Compiling aster v0.4.3
[INFO] [stderr]    Compiling color_quant v1.0.0
[INFO] [stderr]    Compiling bitflags v0.1.1
[INFO] [stderr]    Compiling lzw v0.8.0
[INFO] [stderr]    Compiling serde_codegen v0.5.1
[INFO] [stderr]    Compiling quasi v0.3.1
[INFO] [stderr]    Compiling glob v0.2.10
[INFO] [stderr]    Compiling smallvec v0.1.5
[INFO] [stdout] error[E0463]: can't find crate for `syntax`
[INFO] [stdout]  --> /opt/rustwide/cargo-home/registry/src/github.com-1ecc6299db9ec823/aster-0.4.3/src/lib.rs:7:1
[INFO] [stdout]   |
[INFO] [stdout] 7 | extern crate syntax;
[INFO] [stdout]   | ^^^^^^^^^^^^^^^^^^^^ can't find crate
[INFO] [stdout] 
[INFO] [stdout] 
[INFO] [stdout] error: aborting due to previous error
[INFO] [stdout] 
[INFO] [stdout] 
[INFO] [stdout] For more information about this error, try `rustc --explain E0463`.
[INFO] [stdout] 
[INFO] [stderr] error: could not compile `aster`
[INFO] [stderr] 
[INFO] [stderr] To learn more, run the command again with --verbose.
[INFO] [stderr] warning: build failed, waiting for other jobs to finish...
[INFO] [stdout] error[E0463]: can't find crate for `syntax`
[INFO] [stdout]   --> /opt/rustwide/cargo-home/registry/src/github.com-1ecc6299db9ec823/quasi-0.3.1/src/lib.rs:17:1
[INFO] [stdout]    |
[INFO] [stdout] 17 | extern crate syntax;
[INFO] [stdout]    | ^^^^^^^^^^^^^^^^^^^^ can't find crate
[INFO] [stdout] 
[INFO] [stdout] 
[INFO] [stdout] error: aborting due to previous error
[INFO] [stdout] 
[INFO] [stdout] 
[INFO] [stdout] For more information about this error, try `rustc --explain E0463`.
[INFO] [stdout] 
[INFO] [stdout] error[E0642]: patterns aren't allowed in functions without bodies
[INFO] [stdout]    --> /opt/rustwide/cargo-home/registry/src/github.com-1ecc6299db9ec823/rustc-serialize-0.3.16/src/serialize.rs:145:45
[INFO] [stdout]     |
[INFO] [stdout] 145 | ...                   &f_name: &str,
[INFO] [stdout]     |                       ^^^^^^^ pattern not allowed in function without body
[INFO] [stdout] 
[INFO] [stdout] 
[INFO] [stdout] error: aborting due to previous error
[INFO] [stdout] 
[INFO] [stdout] 
[INFO] [stdout] For more information about this error, try `rustc --explain E0642`.
[INFO] [stdout] 
[INFO] [stderr] error: build failed
[INFO] running `Command { std: "docker" "inspect" "cbec3f2d142b9d19a60441cc13ba11da2b7186279a7a0a626c8303788efeac09", kill_on_drop: false }`
[INFO] running `Command { std: "docker" "rm" "-f" "cbec3f2d142b9d19a60441cc13ba11da2b7186279a7a0a626c8303788efeac09", kill_on_drop: false }`
[INFO] [stdout] cbec3f2d142b9d19a60441cc13ba11da2b7186279a7a0a626c8303788efeac09
